{"id":37,"date":"2017-08-19T16:53:38","date_gmt":"2017-08-19T14:53:38","guid":{"rendered":"http:\/\/www.evelynedodeur.be\/?page_id=37"},"modified":"2018-01-17T11:08:48","modified_gmt":"2018-01-17T10:08:48","slug":"accompagnement-supervision-individuelle-ou-collectifve","status":"publish","type":"page","link":"https:\/\/www.evelynedodeur.be\/index.php\/accompagnement-supervision-individuelle-ou-collectifve\/","title":{"rendered":"Accompagnement collectif et individuel"},"content":{"rendered":"<p>[vc_row fullwidth=\u00a0\u00bbhas-fullwidth-column\u00a0\u00bb][vc_column]\n<div id=\"rev_slider_1_1_wrapper\" class=\"rev_slider_wrapper fullwidthbanner-container\" data-source=\"gallery\" style=\"margin:0px auto;background:transparent;padding:0px;margin-top:0px;margin-bottom:0px;\">\n<!-- START REVOLUTION SLIDER 5.4.5.1 fullwidth mode -->\n\t<div id=\"rev_slider_1_1\" class=\"rev_slider fullwidthabanner tp-overflow-hidden\" style=\"display:none;\" data-version=\"5.4.5.1\">\n<ul>\t<!-- SLIDE  -->\n\t<li data-index=\"rs-1\" data-transition=\"crossfade\" data-slotamount=\"default\" data-hideafterloop=\"0\" data-hideslideonmobile=\"off\"  data-easein=\"default\" data-easeout=\"default\" data-masterspeed=\"800\"  data-thumb=\"https:\/\/www.evelynedodeur.be\/wp-content\/uploads\/revslider\/accompagnement\/accompagnement_01-100x50.jpg\"  data-rotate=\"0\"  data-saveperformance=\"off\"  data-title=\"Slide\" data-param1=\"\" data-param2=\"\" data-param3=\"\" data-param4=\"\" data-param5=\"\" data-param6=\"\" data-param7=\"\" data-param8=\"\" data-param9=\"\" data-param10=\"\" data-description=\"\">\n\t\t<!-- MAIN IMAGE -->\n\t\t<img decoding=\"async\" src=\"https:\/\/www.evelynedodeur.be\/wp-content\/uploads\/revslider\/accompagnement\/accompagnement_01.jpg\"  alt=\"\" title=\"Accompagnement collectif et individuel\"  data-bgposition=\"center center\" data-bgfit=\"cover\" data-bgrepeat=\"no-repeat\" class=\"rev-slidebg\" data-no-retina>\n\t\t<!-- LAYERS -->\n\t<\/li>\n\t<!-- SLIDE  -->\n\t<li data-index=\"rs-2\" data-transition=\"crossfade\" data-slotamount=\"default\" data-hideafterloop=\"0\" data-hideslideonmobile=\"off\"  data-easein=\"default\" data-easeout=\"default\" data-masterspeed=\"800\"  data-thumb=\"https:\/\/www.evelynedodeur.be\/wp-content\/uploads\/revslider\/accompagnement\/accompagnement_02-100x50.jpg\"  data-rotate=\"0\"  data-saveperformance=\"off\"  data-title=\"Slide\" data-param1=\"\" data-param2=\"\" data-param3=\"\" data-param4=\"\" data-param5=\"\" data-param6=\"\" data-param7=\"\" data-param8=\"\" data-param9=\"\" data-param10=\"\" data-description=\"\">\n\t\t<!-- MAIN IMAGE -->\n\t\t<img decoding=\"async\" src=\"https:\/\/www.evelynedodeur.be\/wp-content\/uploads\/revslider\/accompagnement\/accompagnement_02.jpg\"  alt=\"\" title=\"Accompagnement collectif et individuel\"  data-bgposition=\"center center\" data-bgfit=\"cover\" data-bgrepeat=\"no-repeat\" class=\"rev-slidebg\" data-no-retina>\n\t\t<!-- LAYERS -->\n\t<\/li>\n\t<!-- SLIDE  -->\n\t<li data-index=\"rs-3\" data-transition=\"crossfade\" data-slotamount=\"default\" data-hideafterloop=\"0\" data-hideslideonmobile=\"off\"  data-easein=\"default\" data-easeout=\"default\" data-masterspeed=\"800\"  data-thumb=\"https:\/\/www.evelynedodeur.be\/wp-content\/uploads\/revslider\/accompagnement\/accompagnement_03-100x50.jpg\"  data-rotate=\"0\"  data-saveperformance=\"off\"  data-title=\"Slide\" data-param1=\"\" data-param2=\"\" data-param3=\"\" data-param4=\"\" data-param5=\"\" data-param6=\"\" data-param7=\"\" data-param8=\"\" data-param9=\"\" data-param10=\"\" data-description=\"\">\n\t\t<!-- MAIN IMAGE -->\n\t\t<img decoding=\"async\" src=\"https:\/\/www.evelynedodeur.be\/wp-content\/uploads\/revslider\/accompagnement\/accompagnement_03.jpg\"  alt=\"\" title=\"Accompagnement collectif et individuel\"  data-bgposition=\"center center\" data-bgfit=\"cover\" data-bgrepeat=\"no-repeat\" class=\"rev-slidebg\" data-no-retina>\n\t\t<!-- LAYERS -->\n\t<\/li>\n\t<!-- SLIDE  -->\n\t<li data-index=\"rs-4\" data-transition=\"crossfade\" data-slotamount=\"default\" data-hideafterloop=\"0\" data-hideslideonmobile=\"off\"  data-easein=\"default\" data-easeout=\"default\" data-masterspeed=\"800\"  data-thumb=\"https:\/\/www.evelynedodeur.be\/wp-content\/uploads\/revslider\/accompagnement\/accompagnement_04-100x50.jpg\"  data-rotate=\"0\"  data-saveperformance=\"off\"  data-title=\"Slide\" data-param1=\"\" data-param2=\"\" data-param3=\"\" data-param4=\"\" data-param5=\"\" data-param6=\"\" data-param7=\"\" data-param8=\"\" data-param9=\"\" data-param10=\"\" data-description=\"\">\n\t\t<!-- MAIN IMAGE -->\n\t\t<img decoding=\"async\" src=\"https:\/\/www.evelynedodeur.be\/wp-content\/uploads\/revslider\/accompagnement\/accompagnement_04.jpg\"  alt=\"\" title=\"Accompagnement collectif et individuel\"  data-bgposition=\"center center\" data-bgfit=\"cover\" data-bgrepeat=\"no-repeat\" class=\"rev-slidebg\" data-no-retina>\n\t\t<!-- LAYERS -->\n\t<\/li>\n\t<!-- SLIDE  -->\n\t<li data-index=\"rs-5\" data-transition=\"crossfade\" data-slotamount=\"default\" data-hideafterloop=\"0\" data-hideslideonmobile=\"off\"  data-easein=\"default\" data-easeout=\"default\" data-masterspeed=\"800\"  data-thumb=\"https:\/\/www.evelynedodeur.be\/wp-content\/uploads\/revslider\/accompagnement\/accompagnement_05-100x50.jpg\"  data-rotate=\"0\"  data-saveperformance=\"off\"  data-title=\"Slide\" data-param1=\"\" data-param2=\"\" data-param3=\"\" data-param4=\"\" data-param5=\"\" data-param6=\"\" data-param7=\"\" data-param8=\"\" data-param9=\"\" data-param10=\"\" data-description=\"\">\n\t\t<!-- MAIN IMAGE -->\n\t\t<img decoding=\"async\" src=\"https:\/\/www.evelynedodeur.be\/wp-content\/uploads\/revslider\/accompagnement\/accompagnement_05.jpg\"  alt=\"\" title=\"Accompagnement collectif et individuel\"  data-bgposition=\"center center\" data-bgfit=\"cover\" data-bgrepeat=\"no-repeat\" class=\"rev-slidebg\" data-no-retina>\n\t\t<!-- LAYERS -->\n\t<\/li>\n<\/ul>\n<script>var htmlDiv = document.getElementById(\"rs-plugin-settings-inline-css\"); var htmlDivCss=\"\";\n\t\t\t\t\t\tif(htmlDiv) {\n\t\t\t\t\t\t\thtmlDiv.innerHTML = htmlDiv.innerHTML + htmlDivCss;\n\t\t\t\t\t\t}else{\n\t\t\t\t\t\t\tvar htmlDiv = document.createElement(\"div\");\n\t\t\t\t\t\t\thtmlDiv.innerHTML = \"<style>\" + htmlDivCss + \"<\/style>\";\n\t\t\t\t\t\t\tdocument.getElementsByTagName(\"head\")[0].appendChild(htmlDiv.childNodes[0]);\n\t\t\t\t\t\t}\n\t\t\t\t\t<\/script>\n<div class=\"tp-bannertimer tp-bottom\" style=\"visibility: hidden !important;\"><\/div>\t<\/div>\n<script>var htmlDiv = document.getElementById(\"rs-plugin-settings-inline-css\"); var htmlDivCss=\"\";\n\t\t\t\tif(htmlDiv) {\n\t\t\t\t\thtmlDiv.innerHTML = htmlDiv.innerHTML + htmlDivCss;\n\t\t\t\t}else{\n\t\t\t\t\tvar htmlDiv = document.createElement(\"div\");\n\t\t\t\t\thtmlDiv.innerHTML = \"<style>\" + htmlDivCss + \"<\/style>\";\n\t\t\t\t\tdocument.getElementsByTagName(\"head\")[0].appendChild(htmlDiv.childNodes[0]);\n\t\t\t\t}\n\t\t\t<\/script>\n\t\t<script type=\"text\/javascript\">\nsetREVStartSize({c: jQuery('#rev_slider_1_1'), responsiveLevels: [1240,1024,778,480], gridwidth: [1800,1800,778,480], gridheight: [651,651,600,600], sliderLayout: 'fullwidth'});\n\t\t\t\nvar revapi1,\n\ttpj=jQuery;\n\t\t\t\ntpj(document).ready(function() {\n\tif(tpj(\"#rev_slider_1_1\").revolution == undefined){\n\t\trevslider_showDoubleJqueryError(\"#rev_slider_1_1\");\n\t}else{\n\t\trevapi1 = tpj(\"#rev_slider_1_1\").show().revolution({\n\t\t\tsliderType:\"standard\",\n\t\t\tjsFileLocation:\"\/\/www.evelynedodeur.be\/wp-content\/plugins\/revslider\/public\/assets\/js\/\",\n\t\t\tsliderLayout:\"fullwidth\",\n\t\t\tdottedOverlay:\"none\",\n\t\t\tdelay:6000,\n\t\t\tnavigation: {\n\t\t\t\tkeyboardNavigation:\"off\",\n\t\t\t\tkeyboard_direction: \"horizontal\",\n\t\t\t\tmouseScrollNavigation:\"off\",\n \t\t\t\t\t\t\tmouseScrollReverse:\"default\",\n\t\t\t\tonHoverStop:\"off\",\n\t\t\t\tarrows: {\n\t\t\t\t\tstyle:\"cookie\",\n\t\t\t\t\tenable:true,\n\t\t\t\t\thide_onmobile:false,\n\t\t\t\t\thide_onleave:false,\n\t\t\t\t\ttmp:'',\n\t\t\t\t\tleft: {\n\t\t\t\t\t\th_align:\"left\",\n\t\t\t\t\t\tv_align:\"center\",\n\t\t\t\t\t\th_offset:20,\n\t\t\t\t\t\tv_offset:0\n\t\t\t\t\t},\n\t\t\t\t\tright: {\n\t\t\t\t\t\th_align:\"right\",\n\t\t\t\t\t\tv_align:\"center\",\n\t\t\t\t\t\th_offset:20,\n\t\t\t\t\t\tv_offset:0\n\t\t\t\t\t}\n\t\t\t\t}\n\t\t\t\t,\n\t\t\t\tbullets: {\n\t\t\t\t\tenable:true,\n\t\t\t\t\thide_onmobile:false,\n\t\t\t\t\tstyle:\"cookie\",\n\t\t\t\t\thide_onleave:false,\n\t\t\t\t\tdirection:\"horizontal\",\n\t\t\t\t\th_align:\"center\",\n\t\t\t\t\tv_align:\"bottom\",\n\t\t\t\t\th_offset:0,\n\t\t\t\t\tv_offset:20,\n\t\t\t\t\tspace:5,\n\t\t\t\t\ttmp:''\n\t\t\t\t}\n\t\t\t},\n\t\t\tresponsiveLevels:[1240,1024,778,480],\n\t\t\tvisibilityLevels:[1240,1024,778,480],\n\t\t\tgridwidth:[1800,1800,778,480],\n\t\t\tgridheight:[651,651,600,600],\n\t\t\tlazyType:\"none\",\n\t\t\tshadow:0,\n\t\t\tspinner:\"spinner0\",\n\t\t\tstopLoop:\"off\",\n\t\t\tstopAfterLoops:-1,\n\t\t\tstopAtSlide:-1,\n\t\t\tshuffle:\"off\",\n\t\t\tautoHeight:\"off\",\n\t\t\tdisableProgressBar:\"on\",\n\t\t\thideThumbsOnMobile:\"off\",\n\t\t\thideSliderAtLimit:0,\n\t\t\thideCaptionAtLimit:0,\n\t\t\thideAllCaptionAtLilmit:0,\n\t\t\tdebugMode:false,\n\t\t\tfallbacks: {\n\t\t\t\tsimplifyAll:\"off\",\n\t\t\t\tnextSlideOnWindowFocus:\"off\",\n\t\t\t\tdisableFocusListener:false,\n\t\t\t}\n\t\t});\n\t}\n\t\n});\t\/*ready*\/\n<\/script>\n\t\t<script>\n\t\t\t\t\tvar htmlDivCss = unescape(\".cookie.tparrows%20%7B%0A%09cursor%3Apointer%3B%0A%09background%3A%23000%3B%0A%09background%3Atransparent%3B%0A%20%20%20%20border%3A1px%20solid%20%23fff%3B%0A%20%20%20%20border-radius%3A%2050%25%3B%0A%09width%3A40px%3B%0A%09height%3A40px%3B%0A%09position%3Aabsolute%3B%0A%09display%3Ablock%3B%0A%09z-index%3A100%3B%0A%20%20%20%20opacity%3A0.6%3B%0A%7D%0A.cookie.tparrows%3Ahover%20%7B%0A%09opacity%3A1%3B%0A%7D%0A.cookie.tparrows%3Abefore%20%7B%0A%09font-family%3A%20%22revicons%22%3B%0A%09font-size%3A15px%3B%0A%09color%3A%23fff%3B%0A%09display%3Ablock%3B%0A%09line-height%3A%2040px%3B%0A%09text-align%3A%20center%3B%0A%7D%0A.cookie.tparrows.tp-leftarrow%3Abefore%20%7B%0A%09content%3A%20%22%5Ce824%22%3B%0A%7D%0A.cookie.tparrows.tp-rightarrow%3Abefore%20%7B%0A%09content%3A%20%22%5Ce825%22%3B%0A%7D%0A%0A%40media%20%28%20max-width%3A%20768px%20%29%7B%0A%09.cookie.tparrows%20%7B%0A%20%20%20%20%20%20width%3A30px%3B%0A%20%20%20%20%20%20height%3A30px%3B%0A%09%7D%0A%20%20%20%20.cookie.tparrows%3Abefore%20%7B%0A%20%20%20%20%20%20font-size%3A%2012px%3B%0A%20%20%20%20%20%20line-height%3A%2028px%3B%0A%20%20%09%7D%0A%7D%0A%0A.cookie.tp-bullets%20%7B%0A%7D%0A.cookie.tp-bullets%3Abefore%20%7B%0A%09content%3A%22%20%22%3B%0A%20%20%20%20display%3Ablock%3B%0A%09position%3Aabsolute%3B%0A%09width%3A100%25%3B%0A%09height%3A100%25%3B%0A%09background%3Atransparent%3B%0A%09padding%3A10px%3B%0A%09margin-left%3A-10px%3Bmargin-top%3A-10px%3B%0A%09box-sizing%3Acontent-box%3B%0A%7D%0A.cookie%20.tp-bullet%20%7B%0A%09width%3A10px%3B%0A%09height%3A10px%3B%0A%09position%3Aabsolute%3B%0A%20%20%20%20background%3A%20transparent%3B%0A%20%20%20%20border%3A1px%20solid%20%23fff%3B%0A%20%20%20%20border-radius%3A50%25%3B%0A%09cursor%3A%20pointer%3B%0A%09box-sizing%3Acontent-box%3B%0A%20%20%20%20transition%3A%20all%20ease%200.4s%3B%0A%20%20%20%20-webkit-transition%3A%20all%20ease%200.4s%3B%0A%7D%0A.cookie%20.tp-bullet%3Ahover%2C%0A.cookie%20.tp-bullet.selected%20%7B%0A%09border-color%3A%2322e3e5%3B%0A%7D%0A.cookie%20.tp-bullet-image%20%7B%0A%7D%0A.cookie%20.tp-bullet-title%20%7B%0A%7D%0A%0A\");\n\t\t\t\t\tvar htmlDiv = document.getElementById('rs-plugin-settings-inline-css');\n\t\t\t\t\tif(htmlDiv) {\n\t\t\t\t\t\thtmlDiv.innerHTML = htmlDiv.innerHTML + htmlDivCss;\n\t\t\t\t\t}\n\t\t\t\t\telse{\n\t\t\t\t\t\tvar htmlDiv = document.createElement('div');\n\t\t\t\t\t\thtmlDiv.innerHTML = '<style>' + htmlDivCss + '<\/style>';\n\t\t\t\t\t\tdocument.getElementsByTagName('head')[0].appendChild(htmlDiv.childNodes[0]);\n\t\t\t\t\t}\n\t\t\t\t  <\/script>\n\t\t\t\t<\/div><!-- END REVOLUTION SLIDER -->[\/vc_column][\/vc_row][vc_row][vc_column][vc_empty_space height=\u00a0\u00bb50px\u00a0\u00bb][\/vc_column][\/vc_row][vc_row][vc_column animation=\u00a0\u00bbfadeInLeftBig\u00a0\u00bb]<div class=\" section-heading text-center ihda\"><h2 class=\"heading\" style=\"font-size:30px\">'Ce que la chenille appelle la fin du monde, le reste du monde l'appelle papillon' Richard Bach<\/h2><\/div>[\/vc_column][\/vc_row][vc_row][vc_column][vc_empty_space][\/vc_column][\/vc_row][vc_row][vc_column][vc_empty_space]<div class=\" section-heading text-left ihda\"><h2 class=\"heading\" style=\"font-size:48px\">Accompagnement collectif et individuel<\/h2><div class=\"divide-line text-left\"><span style=\"width:90px; height:1px; background-color:#2d2d2d\"><\/span><\/div><\/div>[\/vc_column][\/vc_row][vc_row][vc_column width=\u00a0\u00bb1\/2&Prime;][vc_custom_heading divide_line=\u00a0\u00bbyes\u00a0\u00bb divide_line_color=\u00a0\u00bb#2d2d2d\u00a0\u00bb text=\u00a0\u00bbAccompagnement collectif\u00a0\u00bb font_container=\u00a0\u00bbtag:h5|text_align:left\u00a0\u00bb use_theme_fonts=\u00a0\u00bbyes\u00a0\u00bb][vc_column_text]Nous vous proposons un accompagnement sur mesure.<\/p>\n<p>Nous posons un cadre s\u00e9curisant et bienveillant bas\u00e9 sur la confidentialit\u00e9 pour construire progressivement la confiance.<\/p>\n<p>Nous \u00e9tablissons un \u00e9tat des lieux collectivement avec les personnes concern\u00e9es et nous vous soutenons, si besoin, dans la formulation d\u2019objectifs clairs et de r\u00e9sultats souhait\u00e9s.<\/p>\n<p>Nous \u00e9tablissons ensemble un plan d\u2019accompagnement qui sera \u00e9valu\u00e9 et ajust\u00e9 si n\u00e9cessaire en cours de route.<\/p>\n<p>Nous nous inscrivons dans une logique de co-responsabilit\u00e9\u00a0: nous sommes responsables de la m\u00e9thodologie (choix, facilitation et ajustement des processus et outils) et le collectif est responsable des r\u00e9sultats obtenus (engagement, motivation, remise en question).[\/vc_column_text][\/vc_column][vc_column width=\u00a0\u00bb1\/2&Prime;][vc_custom_heading divide_line=\u00a0\u00bbyes\u00a0\u00bb divide_line_color=\u00a0\u00bb#2d2d2d\u00a0\u00bb text=\u00a0\u00bb Accompagnement individuel\u00a0\u00bb font_container=\u00a0\u00bbtag:h5|text_align:left\u00a0\u00bb use_theme_fonts=\u00a0\u00bbyes\u00a0\u00bb][vc_column_text]Nous vous soutenons face aux difficult\u00e9s que vous rencontrez sur le terrain par des entretiens individuels r\u00e9guliers ou ponctuels. Les difficult\u00e9s abord\u00e9es peuvent concerner par exemples la gestion d\u2019\u00e9quipe, la gestion de conflits, votre leadership, etc.<\/p>\n<p>Nous posons un cadre s\u00e9curisant et bienveillant bas\u00e9 sur la confidentialit\u00e9 pour construire progressivement la confiance.<\/p>\n<p>Nous vous aidons \u00e0 construire vos propres solutions dans le respect de votre personnalit\u00e9. Nous suscitons de fa\u00e7on bienveillante la remise en question de vos pratiques et nous vous outillons tout en vous permettant de rester autonome.[\/vc_column_text][\/vc_column][\/vc_row][vc_row][vc_column align=\u00a0\u00bbcenter\u00a0\u00bb]<div class=\" call-to-action call-to-action-style-1\"><div class=\"call-to-action-description\"><h4 class=\"call-to-action-heading\"> <\/h4><p class=\"call-to-action-additonal\"> <\/p><\/div><a class=\"btn  btn-primary  call-to-action-button\" target=\"_self\" href=\"http:\/\/www.evelynedodeur.be\/index.php\/contacts\/\" style=\"margin-top: 10px; \"> Contactez-nous<\/a><\/div>[\/vc_column][\/vc_row][vc_row][vc_column][vc_empty_space][\/vc_column][\/vc_row]<\/p>\n","protected":false},"excerpt":{"rendered":"<p>[vc_row fullwidth=\u00a0\u00bbhas-fullwidth-column\u00a0\u00bb][vc_column][\/vc_column][\/vc_row][vc_row][vc_column][vc_empty_space height=\u00a0\u00bb50px\u00a0\u00bb][\/vc_column][\/vc_row][vc_row][vc_column animation=\u00a0\u00bbfadeInLeftBig\u00a0\u00bb][\/vc_column][\/vc_row][vc_row][vc_column][vc_empty_space][\/vc_column][\/vc_row][vc_row][vc_column][vc_empty_space][\/vc_column][\/vc_row][vc_row][vc_column width=\u00a0\u00bb1\/2&Prime;][vc_custom_heading divide_line=\u00a0\u00bbyes\u00a0\u00bb divide_line_color=\u00a0\u00bb#2d2d2d\u00a0\u00bb text=\u00a0\u00bbAccompagnement collectif\u00a0\u00bb font_container=\u00a0\u00bbtag:h5|text_align:left\u00a0\u00bb use_theme_fonts=\u00a0\u00bbyes\u00a0\u00bb][vc_column_text]Nous vous proposons un accompagnement sur mesure. Nous posons un cadre s\u00e9curisant et bienveillant bas\u00e9 sur la confidentialit\u00e9 pour construire progressivement la confiance. Nous \u00e9tablissons un \u00e9tat des lieux collectivement avec les personnes concern\u00e9es et nous vous soutenons, si besoin, dans la formulation d\u2019objectifs clairs [&hellip;]<\/p>\n","protected":false},"author":1,"featured_media":0,"parent":0,"menu_order":0,"comment_status":"closed","ping_status":"closed","template":"","meta":{"footnotes":""},"class_list":["post-37","page","type-page","status-publish","hentry"],"_links":{"self":[{"href":"https:\/\/www.evelynedodeur.be\/index.php\/wp-json\/wp\/v2\/pages\/37","targetHints":{"allow":["GET"]}}],"collection":[{"href":"https:\/\/www.evelynedodeur.be\/index.php\/wp-json\/wp\/v2\/pages"}],"about":[{"href":"https:\/\/www.evelynedodeur.be\/index.php\/wp-json\/wp\/v2\/types\/page"}],"author":[{"embeddable":true,"href":"https:\/\/www.evelynedodeur.be\/index.php\/wp-json\/wp\/v2\/users\/1"}],"replies":[{"embeddable":true,"href":"https:\/\/www.evelynedodeur.be\/index.php\/wp-json\/wp\/v2\/comments?post=37"}],"version-history":[{"count":3,"href":"https:\/\/www.evelynedodeur.be\/index.php\/wp-json\/wp\/v2\/pages\/37\/revisions"}],"predecessor-version":[{"id":191,"href":"https:\/\/www.evelynedodeur.be\/index.php\/wp-json\/wp\/v2\/pages\/37\/revisions\/191"}],"wp:attachment":[{"href":"https:\/\/www.evelynedodeur.be\/index.php\/wp-json\/wp\/v2\/media?parent=37"}],"curies":[{"name":"wp","href":"https:\/\/api.w.org\/{rel}","templated":true}]}}