{"id":164,"date":"2018-01-17T10:56:25","date_gmt":"2018-01-17T09:56:25","guid":{"rendered":"http:\/\/www.evelynedodeur.be\/?page_id=164"},"modified":"2018-01-17T10:56:25","modified_gmt":"2018-01-17T09:56:25","slug":"temoignages","status":"publish","type":"page","link":"https:\/\/www.evelynedodeur.be\/index.php\/temoignages\/","title":{"rendered":"T\u00e9moignages"},"content":{"rendered":"<p>[vc_row][vc_column][vc_empty_space][\/vc_column][\/vc_row][vc_row][vc_column animation=\u00a0\u00bbfadeInLeftBig\u00a0\u00bb]<div class=\" section-heading text-center ihda\"><h2 class=\"heading\" style=\"font-size:30px\">'La sagesse, c'est d'avoir des r\u00eaves suffisamment grands pour ne pas les perdre de vue lorsqu'on les poursuit' Oscar Wilde<\/h2><\/div>[\/vc_column][\/vc_row][vc_row][vc_column][vc_empty_space][\/vc_column][\/vc_row][vc_row bg_color=\u00a0\u00bb#f6f7f8&Prime; padding_top=\u00a0\u00bb120&Prime; padding_bottom=\u00a0\u00bb80&Prime; el_id=\u00a0\u00bbtestimonials\u00a0\u00bb el_class=\u00a0\u00bbtestimonials\u00a0\u00bb][vc_column align=\u00a0\u00bbcenter\u00a0\u00bb offset=\u00a0\u00bbvc_col-md-offset-2 vc_col-md-8&Prime;]\n\n\n<div class=\" carousel-testimonials \" data-testimonial-autoplay='true' data-testimonial-autoplay-timeout='12000' data-testimonial-autoplay-speed='700' data-testimonial-autoplay-hover='true' data-testimonial-loop='true' data-testimonial-pagination='true' data-test-0=\"1\" data-test-768=\"1\" data-test-992=\"1\" data-test-1200=\"1\">\n\n\n\t    \n            \n                            <div id=\"post-195\" class=\"testimonial-content text-center \">\t\t\n                    <div class=\"testimonial-avatar\">\n                                            \n                    <\/div>\n                    <p class=\"testimonial-quote-text additional-heading\">\u00ab \u2026Un cadre clair, une forme de douce fermet\u00e9, une efficacit\u00e9, un moment auquel on ne se serait pas attendu, une adh\u00e9sion du groupe. Il y avait beaucoup de ressentis positifs sur ce que nous avons v\u00e9cu ensemble ! \u00bb <\/p>\n                    <h6 class=\"testimonial-quote-cite\">Sophie<\/h6>\n                                    <\/div>\n                     \n            \n                            <div id=\"post-194\" class=\"testimonial-content text-center \">\t\t\n                    <div class=\"testimonial-avatar\">\n                                            \n                    <\/div>\n                    <p class=\"testimonial-quote-text additional-heading\">\u00ab \u2026Evelyne montre une rare capacit\u00e9 \u00e0 allier rigueur et rondeur... Cela fait d&#039;elle une personne qui inspire confiance, professionnalisme et intelligence(s)\u2026 celles qui favorisent l&#039;expression du meilleur de nous-m\u00eame et la prise de responsabilit\u00e9 dans des projets o\u00f9 la recherche du bien commun prime sur l&#039;int\u00e9r\u00eat individuel, o\u00f9 le &quot;nous&quot; prime sur le &quot;je&quot; ! En d&#039;autres termes, l&#039;intelligence collective \u00e0 la mode li\u00e9geoise \ud83d\ude09 \u00bb <\/p>\n                    <h6 class=\"testimonial-quote-cite\">Beno\u00eet<\/h6>\n                                    <\/div>\n                     \n            \n                            <div id=\"post-193\" class=\"testimonial-content text-center \">\t\t\n                    <div class=\"testimonial-avatar\">\n                                            \n                    <\/div>\n                    <p class=\"testimonial-quote-text additional-heading\">\u00ab Je peux t\u00e9moigner de la grande expertise d&#039;Evelyne dans les processus de groupe. Elle arrive extr\u00eamement bien \u00e0 laisser &quot;respirer&quot; et \u00e9merger les apports de chacun tout en tenant le cadre. Elle ma\u00eetrise tr\u00e8s bien son sujet. \u00bb <\/p>\n                    <h6 class=\"testimonial-quote-cite\">Anne<\/h6>\n                                    <\/div>\n                     \n            \n                            <div id=\"post-192\" class=\"testimonial-content text-center \">\t\t\n                    <div class=\"testimonial-avatar\">\n                                            \n                    <\/div>\n                    <p class=\"testimonial-quote-text additional-heading\">\u00ab \u2026 l\u00e0 o\u00f9 j&#039;ai \u00e9t\u00e9 tr\u00e8s surprise et admirative c&#039;est dans la ma\u00eetrise de la gestion de groupe :\r\nsavoir g\u00e9rer les paroles, avoir l&#039;esprit de synth\u00e8se sur des sujets aussi divers que complexes,\r\nr\u00e9ussir avec finesse, doigt\u00e9, douceur et parfois (rarissime) autorit\u00e9  \u00e0 composer des consensus...\r\nFaire avec brio l&#039;agent de liaison entre les scientifiques, l\u2019ULg et les citoyens et enfin, et ce n&#039;est pas le moindre, mettre un grand c\u0153ur \u00e0 l&#039;ouvrage. J&#039;ai ressenti, dans cette aisance, le go\u00fbt du travail bien fait. \u00bb <\/p>\n                    <h6 class=\"testimonial-quote-cite\">Claire<\/h6>\n                                    <\/div>\n                  \n<\/div>\n[\/vc_column][\/vc_row]<\/p>\n","protected":false},"excerpt":{"rendered":"<p>[vc_row][vc_column][vc_empty_space][\/vc_column][\/vc_row][vc_row][vc_column animation=\u00a0\u00bbfadeInLeftBig\u00a0\u00bb][\/vc_column][\/vc_row][vc_row][vc_column][vc_empty_space][\/vc_column][\/vc_row][vc_row bg_color=\u00a0\u00bb#f6f7f8&Prime; padding_top=\u00a0\u00bb120&Prime; padding_bottom=\u00a0\u00bb80&Prime; el_id=\u00a0\u00bbtestimonials\u00a0\u00bb el_class=\u00a0\u00bbtestimonials\u00a0\u00bb][vc_column align=\u00a0\u00bbcenter\u00a0\u00bb offset=\u00a0\u00bbvc_col-md-offset-2 vc_col-md-8&Prime;][\/vc_column][\/vc_row]<\/p>\n","protected":false},"author":1,"featured_media":0,"parent":0,"menu_order":0,"comment_status":"closed","ping_status":"closed","template":"","meta":{"footnotes":""},"class_list":["post-164","page","type-page","status-publish","hentry"],"_links":{"self":[{"href":"https:\/\/www.evelynedodeur.be\/index.php\/wp-json\/wp\/v2\/pages\/164","targetHints":{"allow":["GET"]}}],"collection":[{"href":"https:\/\/www.evelynedodeur.be\/index.php\/wp-json\/wp\/v2\/pages"}],"about":[{"href":"https:\/\/www.evelynedodeur.be\/index.php\/wp-json\/wp\/v2\/types\/page"}],"author":[{"embeddable":true,"href":"https:\/\/www.evelynedodeur.be\/index.php\/wp-json\/wp\/v2\/users\/1"}],"replies":[{"embeddable":true,"href":"https:\/\/www.evelynedodeur.be\/index.php\/wp-json\/wp\/v2\/comments?post=164"}],"version-history":[{"count":1,"href":"https:\/\/www.evelynedodeur.be\/index.php\/wp-json\/wp\/v2\/pages\/164\/revisions"}],"predecessor-version":[{"id":165,"href":"https:\/\/www.evelynedodeur.be\/index.php\/wp-json\/wp\/v2\/pages\/164\/revisions\/165"}],"wp:attachment":[{"href":"https:\/\/www.evelynedodeur.be\/index.php\/wp-json\/wp\/v2\/media?parent=164"}],"curies":[{"name":"wp","href":"https:\/\/api.w.org\/{rel}","templated":true}]}}

Témoignages

<p>[vc_row][vc_column][vc_empty_space][/vc_column][/vc_row][vc_row][vc_column animation= »fadeInLeftBig »]<div class=" section-heading text-center ihda"><h2 class="heading" style="font-size:30px">'La sagesse, c'est d'avoir des rêves suffisamment grands pour ne pas les perdre de vue lorsqu'on les poursuit' Oscar Wilde</h2></div>[/vc_column][/vc_row][vc_row][vc_column][vc_empty_space][/vc_column][/vc_row][vc_row bg_color= »#f6f7f8&Prime; padding_top= »120&Prime; padding_bottom= »80&Prime; el_id= »testimonials » el_class= »testimonials »][vc_column align= »center » offset= »vc_col-md-offset-2 vc_col-md-8&Prime;]


<div class=" carousel-testimonials " data-testimonial-autoplay='true' data-testimonial-autoplay-timeout='12000' data-testimonial-autoplay-speed='700' data-testimonial-autoplay-hover='true' data-testimonial-loop='true' data-testimonial-pagination='true' data-test-0="1" data-test-768="1" data-test-992="1" data-test-1200="1">


	    
            
                            <div id="post-195" class="testimonial-content text-center ">		
                    <div class="testimonial-avatar">
                                            
                    </div>
                    <p class="testimonial-quote-text additional-heading">« …Un cadre clair, une forme de douce fermeté, une efficacité, un moment auquel on ne se serait pas attendu, une adhésion du groupe. Il y avait beaucoup de ressentis positifs sur ce que nous avons vécu ensemble ! » </p>
                    <h6 class="testimonial-quote-cite">Sophie</h6>
                                    </div>
                     
            
                            <div id="post-194" class="testimonial-content text-center ">		
                    <div class="testimonial-avatar">
                                            
                    </div>
                    <p class="testimonial-quote-text additional-heading">« …Evelyne montre une rare capacité à allier rigueur et rondeur... Cela fait d&#039;elle une personne qui inspire confiance, professionnalisme et intelligence(s)… celles qui favorisent l&#039;expression du meilleur de nous-même et la prise de responsabilité dans des projets où la recherche du bien commun prime sur l&#039;intérêt individuel, où le &quot;nous&quot; prime sur le &quot;je&quot; ! En d&#039;autres termes, l&#039;intelligence collective à la mode liégeoise 😉 » </p>
                    <h6 class="testimonial-quote-cite">Benoît</h6>
                                    </div>
                     
            
                            <div id="post-193" class="testimonial-content text-center ">		
                    <div class="testimonial-avatar">
                                            
                    </div>
                    <p class="testimonial-quote-text additional-heading">« Je peux témoigner de la grande expertise d&#039;Evelyne dans les processus de groupe. Elle arrive extrêmement bien à laisser &quot;respirer&quot; et émerger les apports de chacun tout en tenant le cadre. Elle maîtrise très bien son sujet. » </p>
                    <h6 class="testimonial-quote-cite">Anne</h6>
                                    </div>
                     
            
                            <div id="post-192" class="testimonial-content text-center ">		
                    <div class="testimonial-avatar">
                                            
                    </div>
                    <p class="testimonial-quote-text additional-heading">« … là où j&#039;ai été très surprise et admirative c&#039;est dans la maîtrise de la gestion de groupe :
savoir gérer les paroles, avoir l&#039;esprit de synthèse sur des sujets aussi divers que complexes,
réussir avec finesse, doigté, douceur et parfois (rarissime) autorité  à composer des consensus...
Faire avec brio l&#039;agent de liaison entre les scientifiques, l’ULg et les citoyens et enfin, et ce n&#039;est pas le moindre, mettre un grand cœur à l&#039;ouvrage. J&#039;ai ressenti, dans cette aisance, le goût du travail bien fait. » </p>
                    <h6 class="testimonial-quote-cite">Claire</h6>
                                    </div>
                  
</div>
[/vc_column][/vc_row]</p>
